{"id":1537,"date":"2019-09-02T08:19:02","date_gmt":"2019-09-02T11:19:02","guid":{"rendered":"https:\/\/inssanbernardo-cha.infd.edu.ar\/sitio\/?page_id=1537"},"modified":"2019-10-04T18:29:37","modified_gmt":"2019-10-04T21:29:37","slug":"modulo-iii-asge","status":"publish","type":"page","link":"https:\/\/inssanbernardo-cha.infd.edu.ar\/sitio\/modulo-iii-asge\/","title":{"rendered":"M\u00f3dulo III ASGE"},"content":{"rendered":"<p style=\"text-align: center;\"><img decoding=\"async\" loading=\"lazy\" class=\"alignnone wp-image-728\" src=\"https:\/\/inssanbernardo-cha.infd.edu.ar\/sitio\/wp-content\/uploads\/2018\/06\/flecharoja.gif\" alt=\"\" width=\"35\" height=\"24\" \/>\u00a0<strong><span style=\"color: #333399;\">OCTAVO ENCUENTRO:<\/span>\u00a030 de Agosto de 2019<\/strong><\/p>\n<p><strong><img decoding=\"async\" loading=\"lazy\" class=\"alignnone wp-image-998\" src=\"https:\/\/inssanbernardo-cha.infd.edu.ar\/sitio\/wp-content\/uploads\/2019\/05\/fancy_pen_t-1.png\" alt=\"\" width=\"11\" height=\"22\" \/>\u00a0Presentaci\u00f3n<\/strong>:<\/p>\n<p><img decoding=\"async\" loading=\"lazy\" class=\"alignnone size-full wp-image-730\" src=\"https:\/\/inssanbernardo-cha.infd.edu.ar\/sitio\/wp-content\/uploads\/2018\/06\/icono_ppt.gif\" alt=\"\" width=\"37\" height=\"37\" \/>\u00a0<a href=\"https:\/\/inssanbernardo-cha.infd.edu.ar\/sitio\/wp-content\/uploads\/2019\/09\/M\u00d3DULO-III-ENCUENTRO-I.ppt\">M\u00d3DULO III-ENCUENTRO I<\/a><\/p>\n<p><strong><img decoding=\"async\" loading=\"lazy\" class=\"alignnone wp-image-998\" src=\"https:\/\/inssanbernardo-cha.infd.edu.ar\/sitio\/wp-content\/uploads\/2019\/05\/fancy_pen_t-1.png\" alt=\"\" width=\"11\" height=\"22\" \/>\u00a0Bibliograf\u00eda Digitalizada<\/strong>:<\/p>\n<p><img decoding=\"async\" loading=\"lazy\" class=\"alignnone wp-image-729\" src=\"https:\/\/inssanbernardo-cha.infd.edu.ar\/sitio\/wp-content\/uploads\/2018\/06\/icono_pdf.gif\" alt=\"\" width=\"32\" height=\"32\" \/>\u00a0<a href=\"https:\/\/inssanbernardo-cha.infd.edu.ar\/sitio\/wp-content\/uploads\/2019\/09\/Liderazgo-Pilar-Pozner.pdf\">Liderazgo- Pilar Pozner<\/a><\/p>\n<p><img decoding=\"async\" loading=\"lazy\" class=\"alignnone wp-image-729\" src=\"https:\/\/inssanbernardo-cha.infd.edu.ar\/sitio\/wp-content\/uploads\/2018\/06\/icono_pdf.gif\" alt=\"\" width=\"32\" height=\"32\" \/>\u00a0<a href=\"https:\/\/inssanbernardo-cha.infd.edu.ar\/sitio\/wp-content\/uploads\/2019\/09\/Gesti\u00f3n-Educativa-Estrat\u00e9gica-M\u00f3dulo02.pdf\">Gesti\u00f3n Educativa Estrat\u00e9gica &#8211; M\u00f3dulo02<\/a><\/p>\n<p><iframe loading=\"lazy\" width=\"1200\" height=\"900\" src=\"https:\/\/www.youtube.com\/embed\/mHWMliRdh7s?feature=oembed\" frameborder=\"0\" allow=\"accelerometer; autoplay; encrypted-media; gyroscope; picture-in-picture\" allowfullscreen><\/iframe><\/p>\n<p><iframe loading=\"lazy\" width=\"1200\" height=\"675\" src=\"https:\/\/www.youtube.com\/embed\/m0eO6nJYRbA?feature=oembed\" frameborder=\"0\" allow=\"accelerometer; autoplay; encrypted-media; gyroscope; picture-in-picture\" allowfullscreen><\/iframe><\/p>\n<hr \/>\n<p>&nbsp;<\/p>\n<p>&nbsp;<\/p>\n<p style=\"text-align: center;\"><img decoding=\"async\" loading=\"lazy\" class=\"alignnone wp-image-728\" src=\"https:\/\/inssanbernardo-cha.infd.edu.ar\/sitio\/wp-content\/uploads\/2018\/06\/flecharoja.gif\" alt=\"\" width=\"35\" height=\"24\" \/>\u00a0<strong><span style=\"color: #333399;\">NOVENO ENCUENTRO:<\/span>\u00a013 de Septiembre de 2019<\/strong><\/p>\n<p><strong><img decoding=\"async\" loading=\"lazy\" class=\"alignnone wp-image-998\" src=\"https:\/\/inssanbernardo-cha.infd.edu.ar\/sitio\/wp-content\/uploads\/2019\/05\/fancy_pen_t-1.png\" alt=\"\" width=\"11\" height=\"22\" \/>\u00a0Presentaci\u00f3n<\/strong>:<\/p>\n<p><img decoding=\"async\" loading=\"lazy\" class=\"alignnone size-full wp-image-730\" src=\"https:\/\/inssanbernardo-cha.infd.edu.ar\/sitio\/wp-content\/uploads\/2018\/06\/icono_ppt.gif\" alt=\"\" width=\"37\" height=\"37\" \/>\u00a0<a href=\"https:\/\/inssanbernardo-cha.infd.edu.ar\/sitio\/wp-content\/uploads\/2019\/09\/Consideraciones-iniciales-sobre-Evaluaci\u00f3n-Institucional.pptx\">Consideraciones iniciales sobre Evaluaci\u00f3n Institucional<\/a><\/p>\n<p><strong><img decoding=\"async\" loading=\"lazy\" class=\"alignnone wp-image-998\" src=\"https:\/\/inssanbernardo-cha.infd.edu.ar\/sitio\/wp-content\/uploads\/2019\/05\/fancy_pen_t-1.png\" alt=\"\" width=\"11\" height=\"22\" \/> Bibliograf\u00eda Digitalizada:<\/strong><\/p>\n<p><img decoding=\"async\" loading=\"lazy\" class=\"alignnone wp-image-729\" src=\"https:\/\/inssanbernardo-cha.infd.edu.ar\/sitio\/wp-content\/uploads\/2018\/06\/icono_pdf.gif\" alt=\"\" width=\"32\" height=\"32\" \/>\u00a0<a href=\"https:\/\/inssanbernardo-cha.infd.edu.ar\/sitio\/wp-content\/uploads\/2019\/09\/AZZERBONI-y-HARF-CONDUCIENDO-LA-ESCUELA-Cap-6.pdf\">AZZERBONI y HARF= CONDUCIENDO LA ESCUELA &#8211; Cap 6<\/a><\/p>\n<p><img decoding=\"async\" loading=\"lazy\" class=\"alignnone wp-image-729\" src=\"https:\/\/inssanbernardo-cha.infd.edu.ar\/sitio\/wp-content\/uploads\/2018\/06\/icono_pdf.gif\" alt=\"\" width=\"32\" height=\"32\" \/>\u00a0<a href=\"https:\/\/inssanbernardo-cha.infd.edu.ar\/sitio\/wp-content\/uploads\/2019\/09\/Monitoreo-y-evaluaci\u00f3n-institucional.pdf\">Monitoreo y evaluaci\u00f3n institucional<\/a><\/p>\n<p><img decoding=\"async\" loading=\"lazy\" class=\"alignnone wp-image-729\" src=\"https:\/\/inssanbernardo-cha.infd.edu.ar\/sitio\/wp-content\/uploads\/2018\/06\/icono_pdf.gif\" alt=\"\" width=\"32\" height=\"32\" \/>\u00a0<a href=\"https:\/\/inssanbernardo-cha.infd.edu.ar\/sitio\/wp-content\/uploads\/2019\/09\/ibertic_guia_grupos_focales.pdf\">ibertic_guia_grupos_focales<\/a><\/p>\n<p><img decoding=\"async\" loading=\"lazy\" class=\"alignnone wp-image-729\" src=\"https:\/\/inssanbernardo-cha.infd.edu.ar\/sitio\/wp-content\/uploads\/2018\/06\/icono_pdf.gif\" alt=\"\" width=\"32\" height=\"32\" \/>\u00a0<a href=\"https:\/\/inssanbernardo-cha.infd.edu.ar\/sitio\/wp-content\/uploads\/2019\/09\/Los-indicadores-de-progreso.pdf\">Los indicadores de progreso<\/a><\/p>\n<p><img decoding=\"async\" loading=\"lazy\" class=\"alignnone wp-image-729\" src=\"https:\/\/inssanbernardo-cha.infd.edu.ar\/sitio\/wp-content\/uploads\/2018\/06\/icono_pdf.gif\" alt=\"\" width=\"32\" height=\"32\" \/>\u00a0<a href=\"https:\/\/inssanbernardo-cha.infd.edu.ar\/sitio\/wp-content\/uploads\/2019\/09\/NICASTRO-Sandra-Investigaci\u00f3n-.pdf\">NICASTRO, Sandra &#8211; Investigaci\u00f3n&#8212;<\/a><\/p>\n<p><strong>\u00a0<\/strong><\/p>\n<p style=\"text-align: center;\"><img decoding=\"async\" loading=\"lazy\" class=\"alignnone wp-image-728\" src=\"https:\/\/inssanbernardo-cha.infd.edu.ar\/sitio\/wp-content\/uploads\/2018\/06\/flecharoja.gif\" alt=\"\" width=\"35\" height=\"24\" \/>\u00a0<strong><span style=\"color: #333399;\">D\u00c9CIMO ENCUENTRO:<\/span>\u00a027 de Septiembre de 2019<\/strong><\/p>\n<p><strong><img decoding=\"async\" loading=\"lazy\" class=\"alignnone wp-image-998\" src=\"https:\/\/inssanbernardo-cha.infd.edu.ar\/sitio\/wp-content\/uploads\/2019\/05\/fancy_pen_t-1.png\" alt=\"\" width=\"11\" height=\"22\" \/>\u00a0Presentaci\u00f3n Primera Parte<\/strong>:<\/p>\n<p><img decoding=\"async\" loading=\"lazy\" class=\"alignnone size-full wp-image-730\" src=\"https:\/\/inssanbernardo-cha.infd.edu.ar\/sitio\/wp-content\/uploads\/2018\/06\/icono_ppt.gif\" alt=\"\" width=\"37\" height=\"37\" \/>\u00a0<a href=\"https:\/\/inssanbernardo-cha.infd.edu.ar\/sitio\/wp-content\/uploads\/2019\/09\/PPT-27-DE-SEPT-Primera_Parte.pptx\">PPT 27 DE SEPT-Primera_Parte<\/a><\/p>\n<p><strong><img decoding=\"async\" loading=\"lazy\" class=\"alignnone wp-image-998\" src=\"https:\/\/inssanbernardo-cha.infd.edu.ar\/sitio\/wp-content\/uploads\/2019\/05\/fancy_pen_t-1.png\" alt=\"\" width=\"11\" height=\"22\" \/> Bibliograf\u00eda Digitalizada:<\/strong><\/p>\n<p><img decoding=\"async\" loading=\"lazy\" class=\"alignnone wp-image-729\" src=\"https:\/\/inssanbernardo-cha.infd.edu.ar\/sitio\/wp-content\/uploads\/2018\/06\/icono_pdf.gif\" alt=\"\" width=\"32\" height=\"32\" \/>\u00a0<a href=\"https:\/\/inssanbernardo-cha.infd.edu.ar\/sitio\/wp-content\/uploads\/2019\/09\/Litwin-E2018-El-oficio-de-Ense\u00f1ar-Cap.-2.pdf\">Litwin, E(2018), El oficio de Ense\u00f1ar-Cap. 2<\/a><\/p>\n<p><img decoding=\"async\" loading=\"lazy\" class=\"alignnone wp-image-729\" src=\"https:\/\/inssanbernardo-cha.infd.edu.ar\/sitio\/wp-content\/uploads\/2018\/06\/icono_pdf.gif\" alt=\"\" width=\"32\" height=\"32\" \/>\u00a0<a href=\"https:\/\/coleccion.siaeducacion.org\/sites\/default\/files\/files\/6_perrenoud_philippe_2007desarrollar_la_practica_reflexiva.pdf\">Perrenoud_philippe_2007desarrollar_la_practica_reflexiva<\/a><\/p>\n<p><img decoding=\"async\" loading=\"lazy\" class=\"alignnone wp-image-729\" src=\"https:\/\/inssanbernardo-cha.infd.edu.ar\/sitio\/wp-content\/uploads\/2018\/06\/icono_pdf.gif\" alt=\"\" width=\"32\" height=\"32\" \/>\u00a0<a href=\"https:\/\/inssanbernardo-cha.infd.edu.ar\/sitio\/wp-content\/uploads\/2019\/09\/Lapracticareflexivaenlosdocentesenservicio.Posibilidadesylimitaciones.pdf\">Lapracticareflexivaenlosdocentesenservicio.Posibilidadesylimitaciones<\/a><\/p>\n<p><img decoding=\"async\" loading=\"lazy\" class=\"alignnone wp-image-1009\" src=\"https:\/\/inssanbernardo-cha.infd.edu.ar\/sitio\/wp-content\/uploads\/2019\/05\/ytlogo-old-new-animation-105527-1000x625.gif\" alt=\"\" width=\"46\" height=\"29\" \/>\u00a0<strong>Entrevista a Jorge Steiman, Mg. en Did\u00e1ctica en la UnRaf<\/strong><\/p>\n<p><iframe loading=\"lazy\" width=\"1200\" height=\"675\" src=\"https:\/\/www.youtube.com\/embed\/YPjt08KlUvY?feature=oembed\" frameborder=\"0\" allow=\"accelerometer; autoplay; encrypted-media; gyroscope; picture-in-picture\" allowfullscreen><\/iframe><\/p>\n<p><img decoding=\"async\" loading=\"lazy\" class=\"alignnone wp-image-1009\" src=\"https:\/\/inssanbernardo-cha.infd.edu.ar\/sitio\/wp-content\/uploads\/2019\/05\/ytlogo-old-new-animation-105527-1000x625.gif\" alt=\"\" width=\"46\" height=\"29\" \/> <strong>La reflexi\u00f3n en la pr\u00e1ctica docente: Cap II Philippe Perrenoud<\/strong><\/p>\n<p><iframe loading=\"lazy\" width=\"1200\" height=\"675\" src=\"https:\/\/www.youtube.com\/embed\/1m13aMT4xEI?feature=oembed\" frameborder=\"0\" allow=\"accelerometer; autoplay; encrypted-media; gyroscope; picture-in-picture\" allowfullscreen><\/iframe><\/p>\n<p><img decoding=\"async\" loading=\"lazy\" class=\"alignnone wp-image-1009\" src=\"https:\/\/inssanbernardo-cha.infd.edu.ar\/sitio\/wp-content\/uploads\/2019\/05\/ytlogo-old-new-animation-105527-1000x625.gif\" alt=\"\" width=\"46\" height=\"29\" \/> <strong>La Pr\u00e1ctica Reflexiva &#8211; Rebeca Anijovich<\/strong><\/p>\n<p><iframe loading=\"lazy\" width=\"1200\" height=\"675\" src=\"https:\/\/www.youtube.com\/embed\/y6TzvbP8ekc?feature=oembed\" frameborder=\"0\" allow=\"accelerometer; autoplay; encrypted-media; gyroscope; picture-in-picture\" allowfullscreen><\/iframe><\/p>\n<p><strong><img decoding=\"async\" loading=\"lazy\" class=\"alignnone wp-image-998\" src=\"https:\/\/inssanbernardo-cha.infd.edu.ar\/sitio\/wp-content\/uploads\/2019\/05\/fancy_pen_t-1.png\" alt=\"\" width=\"11\" height=\"22\" \/>\u00a0Presentaci\u00f3n Segunda Parte<\/strong>:<\/p>\n<p><img decoding=\"async\" loading=\"lazy\" class=\"alignnone size-full wp-image-730\" src=\"https:\/\/inssanbernardo-cha.infd.edu.ar\/sitio\/wp-content\/uploads\/2018\/06\/icono_ppt.gif\" alt=\"\" width=\"37\" height=\"37\" \/>\u00a0<a href=\"https:\/\/inssanbernardo-cha.infd.edu.ar\/sitio\/wp-content\/uploads\/2019\/09\/PPT-VIER-27-DE-SEPTIEMBRE-Segunda_Parte.pptx\">PPT VIER 27 DE SEPTIEMBRE- Segunda_Parte<\/a><\/p>\n<p><strong><img decoding=\"async\" loading=\"lazy\" class=\"alignnone wp-image-998\" src=\"https:\/\/inssanbernardo-cha.infd.edu.ar\/sitio\/wp-content\/uploads\/2019\/05\/fancy_pen_t-1.png\" alt=\"\" width=\"11\" height=\"22\" \/> Bibliograf\u00eda Digitalizada:<\/strong><\/p>\n<p><img decoding=\"async\" loading=\"lazy\" class=\"alignnone wp-image-729\" src=\"https:\/\/inssanbernardo-cha.infd.edu.ar\/sitio\/wp-content\/uploads\/2018\/06\/icono_pdf.gif\" alt=\"\" width=\"32\" height=\"32\" \/>\u00a0<a href=\"https:\/\/inssanbernardo-cha.infd.edu.ar\/sitio\/wp-content\/uploads\/2019\/09\/AZZERBONI-Delia-y-HARF-Ruth-CONDUCIENDO-LA-ESCUELA-Parte01.pdf\">AZZERBONI-Delia-y-HARF-Ruth-CONDUCIENDO-LA-ESCUELA-Parte01<\/a><\/p>\n<p><img decoding=\"async\" loading=\"lazy\" class=\"alignnone wp-image-729\" src=\"https:\/\/inssanbernardo-cha.infd.edu.ar\/sitio\/wp-content\/uploads\/2018\/06\/icono_pdf.gif\" alt=\"\" width=\"32\" height=\"32\" \/>\u00a0<a href=\"https:\/\/inssanbernardo-cha.infd.edu.ar\/sitio\/wp-content\/uploads\/2019\/09\/AZZERBONI-Delia-y-HARF-Ruth-CONDUCIENDO-LA-ESCUELA-Parte02.pdf\">AZZERBONI-Delia-y-HARF-Ruth-CONDUCIENDO-LA-ESCUELA -Parte02<\/a><\/p>\n<p><img decoding=\"async\" loading=\"lazy\" class=\"alignnone wp-image-729\" src=\"https:\/\/inssanbernardo-cha.infd.edu.ar\/sitio\/wp-content\/uploads\/2018\/06\/icono_pdf.gif\" alt=\"\" width=\"32\" height=\"32\" \/>\u00a0<a href=\"https:\/\/inssanbernardo-cha.infd.edu.ar\/sitio\/wp-content\/uploads\/2019\/09\/10-ciclo_de_reflexion-accion.pdf\">10 ciclo_de_reflexion-accion<\/a><\/p>\n<p><img decoding=\"async\" loading=\"lazy\" class=\"alignnone wp-image-729\" src=\"https:\/\/inssanbernardo-cha.infd.edu.ar\/sitio\/wp-content\/uploads\/2018\/06\/icono_pdf.gif\" alt=\"\" width=\"32\" height=\"32\" \/>\u00a0<a href=\"https:\/\/inssanbernardo-cha.infd.edu.ar\/sitio\/wp-content\/uploads\/2019\/09\/07_directivo_asesor_pedagogico.pdf\">07_directivo_asesor_pedagogico<\/a><\/p>\n<p><img decoding=\"async\" loading=\"lazy\" class=\"alignnone wp-image-1009\" src=\"https:\/\/inssanbernardo-cha.infd.edu.ar\/sitio\/wp-content\/uploads\/2019\/05\/ytlogo-old-new-animation-105527-1000x625.gif\" alt=\"\" width=\"46\" height=\"29\" \/><strong><span id=\"eow-title\" class=\"watch-title\" dir=\"ltr\" title=\"01 Reflexi\u00f3n sobre las pr\u00e1cticas y lo aprendido hay que aprender siempre\">Reflexi\u00f3n sobre las pr\u00e1cticas y lo aprendido hay que aprender siempre<\/span><\/strong><\/p>\n<p><iframe loading=\"lazy\" width=\"1200\" height=\"900\" src=\"https:\/\/www.youtube.com\/embed\/7-_uSb6iWDg?feature=oembed\" frameborder=\"0\" allow=\"accelerometer; autoplay; encrypted-media; gyroscope; picture-in-picture\" allowfullscreen><\/iframe><\/p>\n<p><img decoding=\"async\" loading=\"lazy\" class=\"alignnone wp-image-1009\" src=\"https:\/\/inssanbernardo-cha.infd.edu.ar\/sitio\/wp-content\/uploads\/2019\/05\/ytlogo-old-new-animation-105527-1000x625.gif\" alt=\"\" width=\"46\" height=\"29\" \/> <strong>Sobrevivir el Aula &#8211; Hern\u00e1n Aldana<\/strong><\/p>\n<p><iframe loading=\"lazy\" width=\"1200\" height=\"675\" src=\"https:\/\/www.youtube.com\/embed\/1TQxM3lpCf4?feature=oembed\" frameborder=\"0\" allow=\"accelerometer; autoplay; encrypted-media; gyroscope; picture-in-picture\" allowfullscreen><\/iframe><\/p>\n<p style=\"text-align: center;\"><img decoding=\"async\" loading=\"lazy\" class=\"alignnone wp-image-728\" src=\"https:\/\/inssanbernardo-cha.infd.edu.ar\/sitio\/wp-content\/uploads\/2018\/06\/flecharoja.gif\" alt=\"\" width=\"35\" height=\"24\" \/>\u00a0<strong><span style=\"color: #333399;\">UND\u00c9CIMO ENCUENTRO:<\/span>\u00a004 de Octubre de 2019<\/strong><\/p>\n<p><strong><img decoding=\"async\" loading=\"lazy\" class=\"alignnone wp-image-998\" src=\"https:\/\/inssanbernardo-cha.infd.edu.ar\/sitio\/wp-content\/uploads\/2019\/05\/fancy_pen_t-1.png\" alt=\"\" width=\"11\" height=\"22\" \/>\u00a0Presentaciones<\/strong>:<\/p>\n<p><img decoding=\"async\" loading=\"lazy\" class=\"alignnone size-full wp-image-730\" src=\"https:\/\/inssanbernardo-cha.infd.edu.ar\/sitio\/wp-content\/uploads\/2018\/06\/icono_ppt.gif\" alt=\"\" width=\"37\" height=\"37\" \/>\u00a0<a href=\"https:\/\/inssanbernardo-cha.infd.edu.ar\/sitio\/wp-content\/uploads\/2019\/10\/PPT-04-OCTUBRE-Primera-Parte.pptx\">PPT 04 OCTUBRE-Primera Parte<\/a><\/p>\n<p><img decoding=\"async\" loading=\"lazy\" class=\"alignnone size-full wp-image-730\" src=\"https:\/\/inssanbernardo-cha.infd.edu.ar\/sitio\/wp-content\/uploads\/2018\/06\/icono_ppt.gif\" alt=\"\" width=\"37\" height=\"37\" \/>\u00a0<a href=\"https:\/\/inssanbernardo-cha.infd.edu.ar\/sitio\/wp-content\/uploads\/2019\/10\/PPT-VIER-04-DE-OCTUBRE-Segunda_Parte.pptx\">PPT VIER 04 DE OCTUBRE- Segunda_Parte<\/a><\/p>\n<p><strong><img decoding=\"async\" loading=\"lazy\" class=\"alignnone wp-image-998\" src=\"https:\/\/inssanbernardo-cha.infd.edu.ar\/sitio\/wp-content\/uploads\/2019\/05\/fancy_pen_t-1.png\" alt=\"\" width=\"11\" height=\"22\" \/> Bibliograf\u00eda Digitalizada:<\/strong><\/p>\n<p><img decoding=\"async\" loading=\"lazy\" class=\"alignnone wp-image-729\" src=\"https:\/\/inssanbernardo-cha.infd.edu.ar\/sitio\/wp-content\/uploads\/2018\/06\/icono_pdf.gif\" alt=\"\" width=\"32\" height=\"32\" \/>\u00a0<a href=\"https:\/\/inssanbernardo-cha.infd.edu.ar\/sitio\/wp-content\/uploads\/2019\/10\/Anijovich-transitar-la-formacion-pedagogica-COMPLETO.pdf\">Anijovich-transitar-la-formacion-pedagogica-COMPLETO<\/a><\/p>\n<p><img decoding=\"async\" loading=\"lazy\" class=\"alignnone wp-image-729\" src=\"https:\/\/inssanbernardo-cha.infd.edu.ar\/sitio\/wp-content\/uploads\/2018\/06\/icono_pdf.gif\" alt=\"\" width=\"32\" height=\"32\" \/>\u00a0<a href=\"https:\/\/inssanbernardo-cha.infd.edu.ar\/sitio\/wp-content\/uploads\/2019\/10\/Resoluci\u00f3n-285-CFE.pdf\">Resoluci\u00f3n 285 CFE<\/a><\/p>\n<p><img decoding=\"async\" loading=\"lazy\" class=\"alignnone wp-image-729\" src=\"https:\/\/inssanbernardo-cha.infd.edu.ar\/sitio\/wp-content\/uploads\/2018\/06\/icono_pdf.gif\" alt=\"\" width=\"32\" height=\"32\" \/>\u00a0<a href=\"https:\/\/inssanbernardo-cha.infd.edu.ar\/sitio\/wp-content\/uploads\/2019\/10\/Plan_Nac_For_Doc-2016-2021.pdf\">Plan_Nac_For_Doc-2016-2021<\/a><\/p>\n<p><img decoding=\"async\" loading=\"lazy\" class=\"alignnone wp-image-729\" src=\"https:\/\/inssanbernardo-cha.infd.edu.ar\/sitio\/wp-content\/uploads\/2018\/06\/icono_pdf.gif\" alt=\"\" width=\"32\" height=\"32\" \/>\u00a0<a href=\"https:\/\/inssanbernardo-cha.infd.edu.ar\/sitio\/wp-content\/uploads\/2019\/10\/ResCFE-30-07-AnexoII.pdf\">ResCFE-30-07-AnexoII<\/a><\/p>\n<p><img decoding=\"async\" loading=\"lazy\" class=\"alignnone wp-image-729\" src=\"https:\/\/inssanbernardo-cha.infd.edu.ar\/sitio\/wp-content\/uploads\/2018\/06\/icono_pdf.gif\" alt=\"\" width=\"32\" height=\"32\" \/>\u00a0<a href=\"https:\/\/inssanbernardo-cha.infd.edu.ar\/sitio\/wp-content\/uploads\/2019\/10\/Acompa\u00f1ar-Docentes-Noveles.pdf\">Acompa\u00f1ar-Docentes-Noveles<\/a><\/p>\n<p><img decoding=\"async\" loading=\"lazy\" class=\"alignnone wp-image-729\" src=\"https:\/\/inssanbernardo-cha.infd.edu.ar\/sitio\/wp-content\/uploads\/2018\/06\/icono_pdf.gif\" alt=\"\" width=\"32\" height=\"32\" \/>\u00a0<a href=\"https:\/\/inssanbernardo-cha.infd.edu.ar\/sitio\/wp-content\/uploads\/2019\/10\/Philippe-Perrenoud-Diez-nuevas-competencias-para-ensenar.pdf\">Philippe-Perrenoud-Diez-nuevas-competencias-para-ensenar<\/a><\/p>\n<p>&nbsp;<\/p>\n<p><strong><img decoding=\"async\" loading=\"lazy\" class=\"alignnone wp-image-998\" src=\"https:\/\/inssanbernardo-cha.infd.edu.ar\/sitio\/wp-content\/uploads\/2019\/05\/fancy_pen_t-1.png\" alt=\"\" width=\"11\" height=\"22\" \/> Trabajo Integrador M\u00f3dulo III:<\/strong><\/p>\n<p><img decoding=\"async\" loading=\"lazy\" class=\"alignnone wp-image-1031\" src=\"https:\/\/inssanbernardo-cha.infd.edu.ar\/sitio\/wp-content\/uploads\/2019\/05\/word.jpg\" alt=\"\" width=\"46\" height=\"40\" \/><a href=\"https:\/\/inssanbernardo-cha.infd.edu.ar\/sitio\/wp-content\/uploads\/2019\/10\/TRABAJO-INTEGRADOR-MODULO-3.docx\">TRABAJO INTEGRADOR MODULO 3<\/a><\/p>\n<p>&nbsp;<\/p>\n","protected":false},"excerpt":{"rendered":"<p>\u00a0OCTAVO ENCUENTRO:\u00a030 de Agosto de 2019 \u00a0Presentaci\u00f3n: \u00a0M\u00d3DULO III-ENCUENTRO I \u00a0Bibliograf\u00eda Digitalizada: \u00a0Liderazgo- Pilar Pozner \u00a0Gesti\u00f3n Educativa Estrat\u00e9gica &#8211; M\u00f3dulo02 &nbsp; &nbsp; \u00a0NOVENO ENCUENTRO:\u00a013 de Septiembre de 2019 \u00a0Presentaci\u00f3n: \u00a0Consideraciones iniciales sobre Evaluaci\u00f3n Institucional Bibliograf\u00eda Digitalizada: \u00a0AZZERBONI y HARF= CONDUCIENDO LA ESCUELA &#8211; Cap 6 \u00a0Monitoreo y evaluaci\u00f3n institucional \u00a0ibertic_guia_grupos_focales \u00a0Los indicadores de progreso \u00a0NICASTRO, &#8230; <a title=\"M\u00f3dulo III ASGE\" class=\"read-more\" href=\"https:\/\/inssanbernardo-cha.infd.edu.ar\/sitio\/modulo-iii-asge\/\" aria-label=\"More on M\u00f3dulo III ASGE\">[+]<\/a><\/p>\n","protected":false},"author":408,"featured_media":0,"parent":0,"menu_order":0,"comment_status":"closed","ping_status":"closed","template":"","meta":[],"acf":[],"_links":{"self":[{"href":"https:\/\/inssanbernardo-cha.infd.edu.ar\/sitio\/wp-json\/wp\/v2\/pages\/1537"}],"collection":[{"href":"https:\/\/inssanbernardo-cha.infd.edu.ar\/sitio\/wp-json\/wp\/v2\/pages"}],"about":[{"href":"https:\/\/inssanbernardo-cha.infd.edu.ar\/sitio\/wp-json\/wp\/v2\/types\/page"}],"author":[{"embeddable":true,"href":"https:\/\/inssanbernardo-cha.infd.edu.ar\/sitio\/wp-json\/wp\/v2\/users\/408"}],"replies":[{"embeddable":true,"href":"https:\/\/inssanbernardo-cha.infd.edu.ar\/sitio\/wp-json\/wp\/v2\/comments?post=1537"}],"version-history":[{"count":8,"href":"https:\/\/inssanbernardo-cha.infd.edu.ar\/sitio\/wp-json\/wp\/v2\/pages\/1537\/revisions"}],"predecessor-version":[{"id":1618,"href":"https:\/\/inssanbernardo-cha.infd.edu.ar\/sitio\/wp-json\/wp\/v2\/pages\/1537\/revisions\/1618"}],"wp:attachment":[{"href":"https:\/\/inssanbernardo-cha.infd.edu.ar\/sitio\/wp-json\/wp\/v2\/media?parent=1537"}],"curies":[{"name":"wp","href":"https:\/\/api.w.org\/{rel}","templated":true}]}}