{"id":1546,"date":"2019-09-05T22:03:22","date_gmt":"2019-09-06T01:03:22","guid":{"rendered":"https:\/\/inssanbernardo-cha.infd.edu.ar\/sitio\/?page_id=1546"},"modified":"2019-09-09T10:02:23","modified_gmt":"2019-09-09T13:02:23","slug":"cuarta-jornada-de-capacitacion-ano-2019","status":"publish","type":"page","link":"https:\/\/inssanbernardo-cha.infd.edu.ar\/sitio\/cuarta-jornada-de-capacitacion-ano-2019\/","title":{"rendered":"Cuarta Jornada de Capacitaci\u00f3n A\u00f1o 2019"},"content":{"rendered":"<p style=\"text-align: center;\"><img decoding=\"async\" loading=\"lazy\" class=\"alignnone size-full wp-image-1550\" src=\"https:\/\/inssanbernardo-cha.infd.edu.ar\/sitio\/wp-content\/uploads\/2019\/09\/4_Jornada_capacit.jpg\" alt=\"\" width=\"899\" height=\"348\" srcset=\"https:\/\/inssanbernardo-cha.infd.edu.ar\/sitio\/wp-content\/uploads\/2019\/09\/4_Jornada_capacit.jpg 899w, https:\/\/inssanbernardo-cha.infd.edu.ar\/sitio\/wp-content\/uploads\/2019\/09\/4_Jornada_capacit-768x297.jpg 768w\" sizes=\"(max-width: 899px) 100vw, 899px\" \/><\/p>\n<p style=\"text-align: center;\">\u00a0<strong><img decoding=\"async\" loading=\"lazy\" class=\"alignnone wp-image-728\" src=\"https:\/\/inssanbernardo-cha.infd.edu.ar\/sitio\/wp-content\/uploads\/2018\/06\/flecharoja.gif\" alt=\"\" width=\"22\" height=\"15\" \/>\u00a0<\/strong><strong>Materiales y Actividades 26-06-2019<\/strong><\/p>\n<p><strong><img decoding=\"async\" loading=\"lazy\" class=\"alignnone wp-image-998\" src=\"https:\/\/inssanbernardo-cha.infd.edu.ar\/sitio\/wp-content\/uploads\/2019\/05\/fancy_pen_t-1.png\" alt=\"\" width=\"15\" height=\"30\" \/>Presentaci\u00f3n<\/strong><\/p>\n<p><img decoding=\"async\" loading=\"lazy\" class=\"alignnone size-full wp-image-730\" src=\"https:\/\/inssanbernardo-cha.infd.edu.ar\/sitio\/wp-content\/uploads\/2018\/06\/icono_ppt.gif\" alt=\"\" width=\"37\" height=\"37\" \/>\u00a0<a href=\"https:\/\/inssanbernardo-cha.infd.edu.ar\/sitio\/wp-content\/uploads\/2019\/09\/jornada-4.pptx\">jornada 4<\/a><\/p>\n<p><strong><img decoding=\"async\" loading=\"lazy\" class=\"alignnone wp-image-998\" src=\"https:\/\/inssanbernardo-cha.infd.edu.ar\/sitio\/wp-content\/uploads\/2019\/05\/fancy_pen_t-1.png\" alt=\"\" width=\"15\" height=\"30\" \/>\u00a0Bibliograf\u00eda<\/strong><\/p>\n<p><img decoding=\"async\" loading=\"lazy\" class=\"alignnone size-full wp-image-729\" src=\"https:\/\/inssanbernardo-cha.infd.edu.ar\/sitio\/wp-content\/uploads\/2018\/06\/icono_pdf.gif\" alt=\"\" width=\"32\" height=\"32\" \/>\u00a0<a href=\"https:\/\/inssanbernardo-cha.infd.edu.ar\/sitio\/wp-content\/uploads\/2019\/09\/4\u00aa_Jornada_Nivel_Superior-La-Planificaci\u00f3n-de-la-ense\u00f1.pdf\">4\u00aa_Jornada_Nivel_Superior- La Planificaci\u00f3n de la ense\u00f1<\/a><\/p>\n<p><img decoding=\"async\" loading=\"lazy\" class=\"alignnone size-full wp-image-729\" src=\"https:\/\/inssanbernardo-cha.infd.edu.ar\/sitio\/wp-content\/uploads\/2018\/06\/icono_pdf.gif\" alt=\"\" width=\"32\" height=\"32\" \/>\u00a0<a href=\"https:\/\/inssanbernardo-cha.infd.edu.ar\/sitio\/wp-content\/uploads\/2019\/09\/4\u00aa_Jornada_Nivel_Superior-Formaci\u00f3n-T\u00e9cnico-Profesional.pdf\">4\u00aa_Jornada_Nivel_Superior- Formaci\u00f3n-T\u00e9cnico-Profesional<\/a><\/p>\n<p><img decoding=\"async\" loading=\"lazy\" class=\"alignnone size-full wp-image-729\" src=\"https:\/\/inssanbernardo-cha.infd.edu.ar\/sitio\/wp-content\/uploads\/2018\/06\/icono_pdf.gif\" alt=\"\" width=\"32\" height=\"32\" \/>\u00a0<a href=\"https:\/\/inssanbernardo-cha.infd.edu.ar\/sitio\/wp-content\/uploads\/2019\/09\/BRUNER-Jerome_La-educaci\u00f3n-puerta-de-la-cultura_2018.pdf\">BRUNER, Jerome_La educaci\u00f3n puerta de la cultura_2018<\/a><\/p>\n<p><img decoding=\"async\" loading=\"lazy\" class=\"alignnone size-full wp-image-729\" src=\"https:\/\/inssanbernardo-cha.infd.edu.ar\/sitio\/wp-content\/uploads\/2018\/06\/icono_pdf.gif\" alt=\"\" width=\"32\" height=\"32\" \/>\u00a0<a href=\"https:\/\/inssanbernardo-cha.infd.edu.ar\/sitio\/wp-content\/uploads\/2019\/09\/La-actividad-escolar-debe-hacer-que-el-aprendizaje-no-caiga-en-lo-aleatorio.pdf\">La actividad escolar debe hacer que el aprendizaje no caiga en lo aleatorio<\/a><\/p>\n<p><img decoding=\"async\" loading=\"lazy\" class=\"alignnone size-full wp-image-729\" src=\"https:\/\/inssanbernardo-cha.infd.edu.ar\/sitio\/wp-content\/uploads\/2018\/06\/icono_pdf.gif\" alt=\"\" width=\"32\" height=\"32\" \/>\u00a0<a href=\"https:\/\/inssanbernardo-cha.infd.edu.ar\/sitio\/wp-content\/uploads\/2019\/09\/Art\u00edculo-period\u00edstico_S\u00edndrome-de-computadora.pdf\">Art\u00edculo period\u00edstico_S\u00edndrome de computadora<\/a><\/p>\n<p><strong><img decoding=\"async\" loading=\"lazy\" class=\"alignnone wp-image-998\" src=\"https:\/\/inssanbernardo-cha.infd.edu.ar\/sitio\/wp-content\/uploads\/2019\/05\/fancy_pen_t-1.png\" alt=\"\" width=\"15\" height=\"30\" \/>Actividades<\/strong><\/p>\n<p><img decoding=\"async\" loading=\"lazy\" class=\"alignnone size-full wp-image-730\" src=\"https:\/\/inssanbernardo-cha.infd.edu.ar\/sitio\/wp-content\/uploads\/2018\/06\/icono_ppt.gif\" alt=\"\" width=\"37\" height=\"37\" \/><a href=\"https:\/\/inssanbernardo-cha.infd.edu.ar\/sitio\/wp-content\/uploads\/2019\/09\/PLANIFICACI\u00d3N.pptx\">PLANIFICACI\u00d3N<\/a><\/p>\n<p style=\"text-align: center;\"><img decoding=\"async\" loading=\"lazy\" class=\"alignnone wp-image-728\" src=\"https:\/\/inssanbernardo-cha.infd.edu.ar\/sitio\/wp-content\/uploads\/2018\/06\/flecharoja.gif\" alt=\"\" width=\"26\" height=\"18\" \/><strong>Registro Fotogr\u00e1fico 22-08-2019<\/strong><\/p>\n<p style=\"text-align: center;\"><img decoding=\"async\" loading=\"lazy\" class=\"alignnone wp-image-1560\" src=\"https:\/\/inssanbernardo-cha.infd.edu.ar\/sitio\/wp-content\/uploads\/2019\/09\/WhatsApp-Image-2019-09-03-at-18.09.09-1000x563.jpeg\" alt=\"\" width=\"453\" height=\"255\" srcset=\"https:\/\/inssanbernardo-cha.infd.edu.ar\/sitio\/wp-content\/uploads\/2019\/09\/WhatsApp-Image-2019-09-03-at-18.09.09-1000x563.jpeg 1000w, https:\/\/inssanbernardo-cha.infd.edu.ar\/sitio\/wp-content\/uploads\/2019\/09\/WhatsApp-Image-2019-09-03-at-18.09.09-768x433.jpeg 768w, https:\/\/inssanbernardo-cha.infd.edu.ar\/sitio\/wp-content\/uploads\/2019\/09\/WhatsApp-Image-2019-09-03-at-18.09.09.jpeg 1280w\" sizes=\"(max-width: 453px) 100vw, 453px\" \/> <img decoding=\"async\" loading=\"lazy\" class=\"alignnone wp-image-1561\" src=\"https:\/\/inssanbernardo-cha.infd.edu.ar\/sitio\/wp-content\/uploads\/2019\/09\/WhatsApp-Image-2019-09-03-at-18.09.12-1000x563.jpeg\" alt=\"\" width=\"453\" height=\"255\" srcset=\"https:\/\/inssanbernardo-cha.infd.edu.ar\/sitio\/wp-content\/uploads\/2019\/09\/WhatsApp-Image-2019-09-03-at-18.09.12-1000x563.jpeg 1000w, https:\/\/inssanbernardo-cha.infd.edu.ar\/sitio\/wp-content\/uploads\/2019\/09\/WhatsApp-Image-2019-09-03-at-18.09.12-768x433.jpeg 768w, https:\/\/inssanbernardo-cha.infd.edu.ar\/sitio\/wp-content\/uploads\/2019\/09\/WhatsApp-Image-2019-09-03-at-18.09.12.jpeg 1280w\" sizes=\"(max-width: 453px) 100vw, 453px\" \/> <img decoding=\"async\" loading=\"lazy\" class=\"alignnone wp-image-1562\" src=\"https:\/\/inssanbernardo-cha.infd.edu.ar\/sitio\/wp-content\/uploads\/2019\/09\/WhatsApp-Image-2019-09-03-at-18.09.14-1-1000x563.jpeg\" alt=\"\" width=\"453\" height=\"255\" srcset=\"https:\/\/inssanbernardo-cha.infd.edu.ar\/sitio\/wp-content\/uploads\/2019\/09\/WhatsApp-Image-2019-09-03-at-18.09.14-1-1000x563.jpeg 1000w, https:\/\/inssanbernardo-cha.infd.edu.ar\/sitio\/wp-content\/uploads\/2019\/09\/WhatsApp-Image-2019-09-03-at-18.09.14-1-768x432.jpeg 768w, https:\/\/inssanbernardo-cha.infd.edu.ar\/sitio\/wp-content\/uploads\/2019\/09\/WhatsApp-Image-2019-09-03-at-18.09.14-1.jpeg 1032w\" sizes=\"(max-width: 453px) 100vw, 453px\" \/> <img decoding=\"async\" loading=\"lazy\" class=\"alignnone wp-image-1563\" src=\"https:\/\/inssanbernardo-cha.infd.edu.ar\/sitio\/wp-content\/uploads\/2019\/09\/WhatsApp-Image-2019-09-03-at-18.09.14-1000x563.jpeg\" alt=\"\" width=\"453\" height=\"255\" srcset=\"https:\/\/inssanbernardo-cha.infd.edu.ar\/sitio\/wp-content\/uploads\/2019\/09\/WhatsApp-Image-2019-09-03-at-18.09.14-1000x563.jpeg 1000w, https:\/\/inssanbernardo-cha.infd.edu.ar\/sitio\/wp-content\/uploads\/2019\/09\/WhatsApp-Image-2019-09-03-at-18.09.14-768x432.jpeg 768w, https:\/\/inssanbernardo-cha.infd.edu.ar\/sitio\/wp-content\/uploads\/2019\/09\/WhatsApp-Image-2019-09-03-at-18.09.14.jpeg 1032w\" sizes=\"(max-width: 453px) 100vw, 453px\" \/> <img decoding=\"async\" loading=\"lazy\" class=\"alignnone wp-image-1564\" src=\"https:\/\/inssanbernardo-cha.infd.edu.ar\/sitio\/wp-content\/uploads\/2019\/09\/WhatsApp-Image-2019-09-03-at-18.09.15-1-1000x563.jpeg\" alt=\"\" width=\"453\" height=\"255\" srcset=\"https:\/\/inssanbernardo-cha.infd.edu.ar\/sitio\/wp-content\/uploads\/2019\/09\/WhatsApp-Image-2019-09-03-at-18.09.15-1-1000x563.jpeg 1000w, https:\/\/inssanbernardo-cha.infd.edu.ar\/sitio\/wp-content\/uploads\/2019\/09\/WhatsApp-Image-2019-09-03-at-18.09.15-1-768x432.jpeg 768w, https:\/\/inssanbernardo-cha.infd.edu.ar\/sitio\/wp-content\/uploads\/2019\/09\/WhatsApp-Image-2019-09-03-at-18.09.15-1.jpeg 1032w\" sizes=\"(max-width: 453px) 100vw, 453px\" \/> <img decoding=\"async\" loading=\"lazy\" class=\"alignnone wp-image-1565\" src=\"https:\/\/inssanbernardo-cha.infd.edu.ar\/sitio\/wp-content\/uploads\/2019\/09\/WhatsApp-Image-2019-09-03-at-18.09.15-2-1000x563.jpeg\" alt=\"\" width=\"453\" height=\"255\" srcset=\"https:\/\/inssanbernardo-cha.infd.edu.ar\/sitio\/wp-content\/uploads\/2019\/09\/WhatsApp-Image-2019-09-03-at-18.09.15-2-1000x563.jpeg 1000w, https:\/\/inssanbernardo-cha.infd.edu.ar\/sitio\/wp-content\/uploads\/2019\/09\/WhatsApp-Image-2019-09-03-at-18.09.15-2-768x433.jpeg 768w, https:\/\/inssanbernardo-cha.infd.edu.ar\/sitio\/wp-content\/uploads\/2019\/09\/WhatsApp-Image-2019-09-03-at-18.09.15-2.jpeg 1280w\" sizes=\"(max-width: 453px) 100vw, 453px\" \/> <img decoding=\"async\" loading=\"lazy\" class=\"alignnone wp-image-1566\" src=\"https:\/\/inssanbernardo-cha.infd.edu.ar\/sitio\/wp-content\/uploads\/2019\/09\/WhatsApp-Image-2019-09-03-at-18.09.15-1000x563.jpeg\" alt=\"\" width=\"453\" height=\"255\" srcset=\"https:\/\/inssanbernardo-cha.infd.edu.ar\/sitio\/wp-content\/uploads\/2019\/09\/WhatsApp-Image-2019-09-03-at-18.09.15-1000x563.jpeg 1000w, https:\/\/inssanbernardo-cha.infd.edu.ar\/sitio\/wp-content\/uploads\/2019\/09\/WhatsApp-Image-2019-09-03-at-18.09.15-768x432.jpeg 768w, https:\/\/inssanbernardo-cha.infd.edu.ar\/sitio\/wp-content\/uploads\/2019\/09\/WhatsApp-Image-2019-09-03-at-18.09.15.jpeg 1032w\" sizes=\"(max-width: 453px) 100vw, 453px\" \/><\/p>\n","protected":false},"excerpt":{"rendered":"<p>\u00a0\u00a0Materiales y Actividades 26-06-2019 Presentaci\u00f3n \u00a0jornada 4 \u00a0Bibliograf\u00eda \u00a04\u00aa_Jornada_Nivel_Superior- La Planificaci\u00f3n de la ense\u00f1 \u00a04\u00aa_Jornada_Nivel_Superior- Formaci\u00f3n-T\u00e9cnico-Profesional \u00a0BRUNER, Jerome_La educaci\u00f3n puerta de la cultura_2018 \u00a0La actividad escolar debe hacer que el aprendizaje no caiga en lo aleatorio \u00a0Art\u00edculo period\u00edstico_S\u00edndrome de computadora Actividades PLANIFICACI\u00d3N Registro Fotogr\u00e1fico 22-08-2019<\/p>\n","protected":false},"author":408,"featured_media":0,"parent":0,"menu_order":0,"comment_status":"closed","ping_status":"closed","template":"","meta":[],"acf":[],"_links":{"self":[{"href":"https:\/\/inssanbernardo-cha.infd.edu.ar\/sitio\/wp-json\/wp\/v2\/pages\/1546"}],"collection":[{"href":"https:\/\/inssanbernardo-cha.infd.edu.ar\/sitio\/wp-json\/wp\/v2\/pages"}],"about":[{"href":"https:\/\/inssanbernardo-cha.infd.edu.ar\/sitio\/wp-json\/wp\/v2\/types\/page"}],"author":[{"embeddable":true,"href":"https:\/\/inssanbernardo-cha.infd.edu.ar\/sitio\/wp-json\/wp\/v2\/users\/408"}],"replies":[{"embeddable":true,"href":"https:\/\/inssanbernardo-cha.infd.edu.ar\/sitio\/wp-json\/wp\/v2\/comments?post=1546"}],"version-history":[{"count":5,"href":"https:\/\/inssanbernardo-cha.infd.edu.ar\/sitio\/wp-json\/wp\/v2\/pages\/1546\/revisions"}],"predecessor-version":[{"id":1567,"href":"https:\/\/inssanbernardo-cha.infd.edu.ar\/sitio\/wp-json\/wp\/v2\/pages\/1546\/revisions\/1567"}],"wp:attachment":[{"href":"https:\/\/inssanbernardo-cha.infd.edu.ar\/sitio\/wp-json\/wp\/v2\/media?parent=1546"}],"curies":[{"name":"wp","href":"https:\/\/api.w.org\/{rel}","templated":true}]}}