{"id":1722,"date":"2020-04-08T19:01:04","date_gmt":"2020-04-08T22:01:04","guid":{"rendered":"https:\/\/inssanbernardo-cha.infd.edu.ar\/sitio\/?page_id=1722"},"modified":"2020-05-04T17:07:44","modified_gmt":"2020-05-04T20:07:44","slug":"profesorado-en-geografia","status":"publish","type":"page","link":"https:\/\/inssanbernardo-cha.infd.edu.ar\/sitio\/profesorado-en-geografia\/","title":{"rendered":"Prof. en Geograf\u00eda"},"content":{"rendered":"<h2><span style=\"color: #0000ff;\"><strong><img decoding=\"async\" loading=\"lazy\" class=\"alignnone wp-image-1657\" src=\"https:\/\/inssanbernardo-cha.infd.edu.ar\/sitio\/wp-content\/uploads\/2020\/03\/56-563173_arrow-png-transparent-images-png-all-flecha-ubicacion.jpg\" alt=\"\" width=\"43\" height=\"24\" \/><span style=\"color: #008000;\">Para Inscribirse a las Unidades Curriculares del Profesorado para la Educaci\u00f3n Secundaria en Geograf\u00eda.\u00a0<\/span><\/strong><\/span><span style=\"color: #0000ff;\"><strong><span style=\"color: #008000;\">I.E.S. San Bernardo A\u00f1o 2020<\/span><\/strong><\/span><\/h2>\n<h3 style=\"text-align: center;\"><span style=\"color: #800000;\"><strong><em>Importante<\/em><\/strong>:<\/span> Antes de Inscribirte, lee con atenci\u00f3n el siguiente tutorial:<\/h3>\n<p><span style=\"color: #0000ff;\"><strong>Una vez que accediste al link que se encuentra al final de esta p\u00e1gina, sigue los siguientes pasos:<\/strong><\/span><\/p>\n<p><strong>Paso 1<\/strong><\/p>\n<p><img decoding=\"async\" loading=\"lazy\" class=\"alignnone wp-image-1745\" src=\"https:\/\/inssanbernardo-cha.infd.edu.ar\/sitio\/wp-content\/uploads\/2020\/04\/Catalogo1.jpg\" alt=\"\" width=\"327\" height=\"109\" srcset=\"https:\/\/inssanbernardo-cha.infd.edu.ar\/sitio\/wp-content\/uploads\/2020\/04\/Catalogo1.jpg 501w, https:\/\/inssanbernardo-cha.infd.edu.ar\/sitio\/wp-content\/uploads\/2020\/04\/Catalogo1-500x167.jpg 500w\" sizes=\"(max-width: 327px) 100vw, 327px\" \/><\/p>\n<p><strong>Paso 2<\/strong><\/p>\n<p><img decoding=\"async\" loading=\"lazy\" class=\"alignnone wp-image-1746\" src=\"https:\/\/inssanbernardo-cha.infd.edu.ar\/sitio\/wp-content\/uploads\/2020\/04\/Catalogo2.jpg\" alt=\"\" width=\"327\" height=\"112\" \/><\/p>\n<p><strong>Paso 3 &#8211; Escribe tus datos<\/strong><\/p>\n<p><img decoding=\"async\" loading=\"lazy\" class=\"alignnone wp-image-1747\" src=\"https:\/\/inssanbernardo-cha.infd.edu.ar\/sitio\/wp-content\/uploads\/2020\/04\/Catalogo3.jpg\" alt=\"\" width=\"322\" height=\"285\" \/><\/p>\n<p><strong>Paso 4 &#8211; Aparecer\u00e1 la siguiente leyenda<\/strong><\/p>\n<p><img decoding=\"async\" loading=\"lazy\" class=\"alignnone wp-image-1748\" src=\"https:\/\/inssanbernardo-cha.infd.edu.ar\/sitio\/wp-content\/uploads\/2020\/04\/Catalogo4.jpg\" alt=\"\" width=\"321\" height=\"173\" \/><\/p>\n<h3><span style=\"color: #800000;\">Para Inscribirse en las dem\u00e1s Unidades Curriculares debes ingresar al correo electr\u00f3nico<\/span><\/h3>\n<p><strong>Paso 5 &#8211;\u00a0Ingresa al correo electr\u00f3nico y presiona el bot\u00f3n siguiente<\/strong><\/p>\n<p><img decoding=\"async\" loading=\"lazy\" class=\"alignnone wp-image-1749\" src=\"https:\/\/inssanbernardo-cha.infd.edu.ar\/sitio\/wp-content\/uploads\/2020\/04\/Catalogo5.jpg\" alt=\"\" width=\"454\" height=\"162\" srcset=\"https:\/\/inssanbernardo-cha.infd.edu.ar\/sitio\/wp-content\/uploads\/2020\/04\/Catalogo5.jpg 933w, https:\/\/inssanbernardo-cha.infd.edu.ar\/sitio\/wp-content\/uploads\/2020\/04\/Catalogo5-768x274.jpg 768w\" sizes=\"(max-width: 454px) 100vw, 454px\" \/><\/p>\n<p><strong>Paso 6 &#8211; Escribe tu clave<\/strong><\/p>\n<p><img decoding=\"async\" loading=\"lazy\" class=\"alignnone wp-image-1750\" src=\"https:\/\/inssanbernardo-cha.infd.edu.ar\/sitio\/wp-content\/uploads\/2020\/04\/Catalogo6.jpg\" alt=\"\" width=\"316\" height=\"339\" \/><\/p>\n<p><strong>Paso 7 &#8211;\u00a0Una vez que ingresaste al aula, selecciona el Cat\u00e1logo&#8230;<\/strong><\/p>\n<p><img decoding=\"async\" loading=\"lazy\" class=\"alignnone wp-image-1751\" src=\"https:\/\/inssanbernardo-cha.infd.edu.ar\/sitio\/wp-content\/uploads\/2020\/04\/Catalogo7-1000x56.jpg\" alt=\"\" width=\"449\" height=\"25\" srcset=\"https:\/\/inssanbernardo-cha.infd.edu.ar\/sitio\/wp-content\/uploads\/2020\/04\/Catalogo7-1000x56.jpg 1000w, https:\/\/inssanbernardo-cha.infd.edu.ar\/sitio\/wp-content\/uploads\/2020\/04\/Catalogo7-768x43.jpg 768w, https:\/\/inssanbernardo-cha.infd.edu.ar\/sitio\/wp-content\/uploads\/2020\/04\/Catalogo7.jpg 1258w\" sizes=\"(max-width: 449px) 100vw, 449px\" \/><\/p>\n<p><strong>Paso 8 &#8211; Dentro del Cat\u00e1logo:\u00a0Selecciona <span style=\"color: #800000;\">A\u00f1o y Carrera<\/span>, como se muestra en el ejemplo.<\/strong><\/p>\n<p><img decoding=\"async\" loading=\"lazy\" class=\"alignnone size-full wp-image-1753\" src=\"https:\/\/inssanbernardo-cha.infd.edu.ar\/sitio\/wp-content\/uploads\/2020\/04\/Catalogo8.jpg\" alt=\"\" width=\"616\" height=\"382\" \/><\/p>\n<p><strong>Paso 9 &#8211; Por ejemplo elige<\/strong><\/p>\n<p><img decoding=\"async\" loading=\"lazy\" class=\"alignnone size-full wp-image-1752\" src=\"https:\/\/inssanbernardo-cha.infd.edu.ar\/sitio\/wp-content\/uploads\/2020\/04\/Catalogo9.jpg\" alt=\"\" width=\"629\" height=\"97\" \/><\/p>\n<p><strong>Paso 10 &#8211; Dentro de ella, Elige una Unidad Curricular.. Ej.<\/strong><\/p>\n<p><img decoding=\"async\" loading=\"lazy\" class=\"alignnone wp-image-1754\" src=\"https:\/\/inssanbernardo-cha.infd.edu.ar\/sitio\/wp-content\/uploads\/2020\/04\/Catalogo10.jpg\" alt=\"\" width=\"304\" height=\"274\" \/><\/p>\n<p><strong>Paso 11\u00a0<\/strong><\/p>\n<p><img decoding=\"async\" loading=\"lazy\" class=\"alignnone wp-image-1755\" src=\"https:\/\/inssanbernardo-cha.infd.edu.ar\/sitio\/wp-content\/uploads\/2020\/04\/Catalogo11.jpg\" alt=\"\" width=\"344\" height=\"114\" \/><\/p>\n<p><strong>Paso 12 &#8211; Aparecer\u00e1 la siguiente leyenda<\/strong><\/p>\n<p><img decoding=\"async\" loading=\"lazy\" class=\"alignnone wp-image-1756\" src=\"https:\/\/inssanbernardo-cha.infd.edu.ar\/sitio\/wp-content\/uploads\/2020\/04\/Catalogo12.jpg\" alt=\"\" width=\"342\" height=\"184\" \/><\/p>\n<h4><img decoding=\"async\" loading=\"lazy\" class=\"alignnone wp-image-1660\" src=\"https:\/\/inssanbernardo-cha.infd.edu.ar\/sitio\/wp-content\/uploads\/2020\/03\/flecha_verde.jpg\" alt=\"\" width=\"38\" height=\"38\" \/>\u00a0<strong>Repite desde el <span style=\"color: #800000;\">Paso 7<\/span> en adelante para el resto de las unidades curriculares que quieras inscribirte.<\/strong><\/h4>\n<h4><img decoding=\"async\" loading=\"lazy\" class=\"alignnone wp-image-1660\" src=\"https:\/\/inssanbernardo-cha.infd.edu.ar\/sitio\/wp-content\/uploads\/2020\/03\/flecha_verde.jpg\" alt=\"\" width=\"38\" height=\"38\" \/>\u00a0Deseas inscribirte &#8211;\u00a0<span style=\"color: #333399;\">Ten en cuenta el Sistema de Correlatividades.<\/span><\/h4>\n<h6><a href=\"https:\/\/inssanbernardo-cha.infd.edu.ar\/aula\/catalogo.cgi?wAccion=main_view&amp;embed=0&amp;id_empresa=&amp;filter_categoria=2\"><img decoding=\"async\" loading=\"lazy\" class=\"alignnone wp-image-1796 size-full\" src=\"https:\/\/inssanbernardo-cha.infd.edu.ar\/sitio\/wp-content\/uploads\/2020\/04\/2-A\u00f1o-1.jpg\" alt=\"\" width=\"349\" height=\"89\" \/><\/a><a href=\"https:\/\/inssanbernardo-cha.infd.edu.ar\/aula\/catalogo.cgi?wAccion=main_view&amp;embed=0&amp;id_empresa=&amp;filter_categoria=3\"><img decoding=\"async\" loading=\"lazy\" class=\"alignnone wp-image-1797 size-full\" src=\"https:\/\/inssanbernardo-cha.infd.edu.ar\/sitio\/wp-content\/uploads\/2020\/04\/3-A\u00f1o-1.jpg\" alt=\"\" width=\"349\" height=\"89\" \/><\/a><a href=\"https:\/\/inssanbernardo-cha.infd.edu.ar\/aula\/catalogo.cgi?wAccion=main_view&amp;embed=0&amp;id_empresa=&amp;filter_categoria=4\"><img decoding=\"async\" loading=\"lazy\" class=\"alignnone wp-image-1798 size-full\" src=\"https:\/\/inssanbernardo-cha.infd.edu.ar\/sitio\/wp-content\/uploads\/2020\/04\/4-A\u00f1o-1.jpg\" alt=\"\" width=\"349\" height=\"89\" \/><\/a><\/h6>\n","protected":false},"excerpt":{"rendered":"<p>Para Inscribirse a las Unidades Curriculares del Profesorado para la Educaci\u00f3n Secundaria en Geograf\u00eda.\u00a0I.E.S. San Bernardo A\u00f1o 2020 Importante: Antes de Inscribirte, lee con atenci\u00f3n el siguiente tutorial: Una vez que accediste al link que se encuentra al final de esta p\u00e1gina, sigue los siguientes pasos: Paso 1 Paso 2 Paso 3 &#8211; Escribe tus &#8230; <a title=\"Prof. en Geograf\u00eda\" class=\"read-more\" href=\"https:\/\/inssanbernardo-cha.infd.edu.ar\/sitio\/profesorado-en-geografia\/\" aria-label=\"More on Prof. en Geograf\u00eda\">[+]<\/a><\/p>\n","protected":false},"author":408,"featured_media":0,"parent":0,"menu_order":0,"comment_status":"closed","ping_status":"closed","template":"","meta":[],"acf":[],"_links":{"self":[{"href":"https:\/\/inssanbernardo-cha.infd.edu.ar\/sitio\/wp-json\/wp\/v2\/pages\/1722"}],"collection":[{"href":"https:\/\/inssanbernardo-cha.infd.edu.ar\/sitio\/wp-json\/wp\/v2\/pages"}],"about":[{"href":"https:\/\/inssanbernardo-cha.infd.edu.ar\/sitio\/wp-json\/wp\/v2\/types\/page"}],"author":[{"embeddable":true,"href":"https:\/\/inssanbernardo-cha.infd.edu.ar\/sitio\/wp-json\/wp\/v2\/users\/408"}],"replies":[{"embeddable":true,"href":"https:\/\/inssanbernardo-cha.infd.edu.ar\/sitio\/wp-json\/wp\/v2\/comments?post=1722"}],"version-history":[{"count":14,"href":"https:\/\/inssanbernardo-cha.infd.edu.ar\/sitio\/wp-json\/wp\/v2\/pages\/1722\/revisions"}],"predecessor-version":[{"id":1737,"href":"https:\/\/inssanbernardo-cha.infd.edu.ar\/sitio\/wp-json\/wp\/v2\/pages\/1722\/revisions\/1737"}],"wp:attachment":[{"href":"https:\/\/inssanbernardo-cha.infd.edu.ar\/sitio\/wp-json\/wp\/v2\/media?parent=1722"}],"curies":[{"name":"wp","href":"https:\/\/api.w.org\/{rel}","templated":true}]}}